 the remainder when 8505 is divided by 773.
2
Calculate the remainder when 189357 is divided by 48.
45
Calculate the remainder when 7196 is divided by 380.
356
What is the remainder when 15193 is divided by 15183?
10
Calculate the remainder when 482 is divided by 249.
233
What is the remainder when 15516 is divided by 62?
16
What is the remainder when 1752 is divided by 260?
192
Calculate the remainder when 3121 is divided by 1557.
7
What is the remainder when 3439103 is divided by 1719547?
9
Calculate the remainder when 27992 is divided by 5349.
1247
What is the remainder when 542368 is divided by 202?
200
What is the remainder when 3503 is divided by 40?
23
What is the remainder when 149096 is divided by 39?
38
Calculate the remainder when 107938 is divided by 15.
13
Calculate the remainder when 6701 is divided by 609.
2
What is the remainder when 1158 is divided by 85?
53
Calculate the remainder when 18215 is divided by 18155.
60
Calculate the remainder when 7576 is divided by 143.
140
Calculate the remainder when 3581 is divided by 1116.
233
What is the remainder when 417 is divided by 201?
15
Calculate the remainder when 22588 is divided by 117.
7
Calculate the remainder when 99453 is divided by 336.
333
What is the remainder when 137079 is divided by 737?
734
Calculate the remainder when 1079057 is divided by 1630.
1627
What is the remainder when 15636 is divided by 56?
12
Calculate the remainder when 7455 is divided by 21.
0
Calculate the remainder when 10863 is divided by 59.
7
Calculate the remainder when 126876 is divided by 9759.
9
Calculate the remainder when 501675 is divided by 20903.
3
Calculate the remainder when 567577 is divided by 527.
525
Calculate the remainder when 88183 is divided by 7.
4
What is the remainder when 93835 is divided by 1915?
0
What is the remainder when 331120 is divided by 13?
10
What is the remainder when 7796 is divided by 124?
108
What is the remainder when 1068410 is divided by 64?
58
What is the remainder when 405 is divided by 205?
200
Calculate the remainder when 247797 is divided by 30.
27
What is the remainder when 48045 is divided by 24?
21
What is the remainder when 8639 is divided by 958?
17
Calculate the remainder when 905563 is divided by 377.
9
Calculate the remainder when 1046 is divided by 203.
31
What is the remainder when 23036 is divided by 160?
156
Calculate the remainder when 6796124 is divided by 13.
10
What is the remainder when 910831 is divided by 65059?
5
What is the remainder when 20347 is divided by 25?
22
Calculate the remainder when 983 is divided by 11.
4
Calculate the remainder when 5639 is divided by 33.
29
Calculate the remainder when 18897 is divided by 60.
57
Calculate the remainder when 75203 is divided by 1447.
1406
What is the remainder when 34208 is divided by 11272?
392
What is the remainder when 8911 is divided by 49?
42
Calculate the remainder when 72263 is divided by 65.
48
What is the remainder when 93589 is divided by 57?
52
Calculate the remainder when 5732 is divided by 260.
12
What is the remainder when 1910 is divided by 20?
10
What is the remainder when 135312 is divided by 45095?
27
Calculate the remainder when 7661 is divided by 295.
286
What is the remainder when 7541 is divided by 219?
95
Calculate the remainder when 64161 is divided by 21376.
33
Calculate the remainder when 10918 is divided by 1538.
152
What is the remainder when 34649 is divided by 198?
197
Calculate the remainder when 1125 is divided by 187.
3
Calculate the remainder when 25158 is divided by 569.
122
Calculate the remainder when 4902 is divided by 63.
51
What is the remainder when 934 is divided by 151?
28
What is the remainder when 1107 is divided by 94?
73
Calculate the remainder when 1811 is divided by 33.
29
Calculate the remainder when 19250 is divided by 2129.
89
What is the remainder when 2086 is divided by 686?
28
Calculate the remainder when 891 is divided by 422.
47
Calculate the remainder when 81175 is divided by 66.
61
What is the remainder when 7550 is divided by 269?
18
Calculate the remainder when 1552 is divided by 470.
142
Calculate the remainder when 44508 is divided by 318.
306
Calculate the remainder when 14582 is divided by 1462.
1424
What is the remainder when 2472 is divided by 1873?
599
What is the remainder when 1892 is divided by 110?
22
What is the remainder when 244137 is divided by 32?
9
Calculate the remainder when 994 is divided by 480.
34
What is the remainder when 58019 is divided by 54?
23
What is the remainder when 392 is divided by 387?
5
What is the remainder when 1855663 is divided by 387?
385
What is the remainder when 14556 is divided by 2892?
96
Calculate the remainder when 8779 is divided by 4349.
81
Calculate the remainder when 25582 is divided by 57.
46
Calculate the remainder when 1266 is divided by 444.
378
Calculate the remainder when 6009 is divided by 45.
24
Calculate the remainder when 1239 is divided by 26.
17
Calculate the remainder when 63753 is divided by 44.
41
Calculate the remainder when 8832 is divided by 2725.
657
What is the remainder when 29568 is divided by 87?
75
What is the remainder when 18665 is divided by 517?
53
What is the remainder when 11096 is divided by 11086?
10
What is the remainder when 4873 is divided by 605?
33
Calculate the remainder when 5273 is divided by 80.
73
What is the remainder when 7026 is divided by 11?
8
Calculate the remainder when 3643 is divided by 56.
3
Calculate the remainder when 1719 is divided by 815.
89
Calculate the remainder when 1258 is divided by 1228.
30
What is the remainder when 237155 is divided by 61?
48
Calculate the remainder when 78303 is divided by 16.
15
What is the remainder when 352750 is divided by 5511?
46
Calculate the remainder when 772 is divided by 166.
108
What is the remainder when 118260 is divided by 763?
758
What is the remainder when 11317 is divided by 808?
5
Calculate the remainder when 8950 is divided by 389.
3
What is the remainder when 3076 is divided by 364?
164
Calculate the remainder when 3896 is divided by 45.
26
What is the remainder when 96864 is divided by 259?
257
Calculate the remainder when 1778 is divided by 19.
11
What is the remainder when 45480 is divided by 22737?
6
Calculate the remainder when 56994 is divided by 125.
119
What is the remainder when 174730 is divided by 39?
10
What is the remainder when 9130 is divided by 433?
37
What is the remainder when 1200 is divided by 175?
150
Calculate the remainder when 16043 is divided by 88.
27
Calculate the remainder when 10422 is divided by 435.
417
What is the remainder when 1631 is divided by 300?
131
What is the remainder when 31565 is divided by 10519?
8
What is the remainder when 22296 is divided by 3712?
24
Calculate the remainder when 78577 is divided by 39286.
5
Calculate the remainder when 49240 is divided by 1970.
1960
Calculate the remainder when 66790 is divided by 752.
614
Calculate the remainder when 240 is divided by 230.
10
Calculate the remainder when 3882 is divided by 274.
46
Calculate the remainder when 19707 is divided by 975.
207
What is the remainder when 89975 is divided by 202?
85
Calculate the remainder when 11768 is divided by 3689.
701
What is the remainder when 20279 is divided by 812?
791
Calculate the remainder when 33299 is divided by 24.
11
Calculate the remainder when 4616 is divided by 272.
264
Calculate the remainder when 25664 is divided by 25659.
5
Calculate the remainder when 24791 is divided by 67.
1
Calculate the remainder when 2491879 is divided by 7.
5
Calculate the remainder when 126727 is divided by 16.
7
What is the remainder when 1053 is divided by 37?
17
What is the remainder when 46131 is divided by 9?
6
Calculate the remainder when 43728 is divided by 275.
3
What is the remainder when 36411 is divided by 36394?
17
What is the remainder when 13167 is divided by 387?
9
What is the remainder when 105599 is divided by 52784?
31
What is the remainder when 4869 is divided by 19?
5
Calculate the remainder when 109675 is divided by 28.
27
What is the remainder when 39377 is divided by 20?
17
What is the remainder when 3260 is divided by 526?
104
Calculate the remainder when 8569 is divided by 2853.
10
What is the remainder when 3488 is divided